 0. Let v be a(0). What is the highest common divisor of 104 and v?
13
Suppose -6 = -c + 3. Calculate the greatest common divisor of 18 and c.
9
Let x be (198/5)/(3/15). Calculate the highest common divisor of x and 22.
22
Suppose 6*w = q + w + 19, 4*w - 12 = 0. Let t be (-6)/q - (-174)/4. Let h(g) = 3*g**2 + 3. Let r be h(3). What is the highest common factor of t and r?
15
Suppose 0 = 5*r + 2*f - 396 - 260, -2*f = 4*r - 524. Calculate the highest common factor of r and 12.
12
Suppose 18 = -0*u + 6*u. Let d(c) = c**3 - 7*c**2 - 6*c + 11. Let o be d(8). What is the greatest common divisor of u and o?
3
Let l be (-4)/18 - (-400)/18. Calculate the highest common factor of l and 44.
22
Let f(w) = 2*w - 3. Let v be f(2). Suppose -2*d - 40 = -4*o, -5*o + 21 + 18 = 3*d. What is the highest common divisor of o and v?
1
Suppose -a + 0 - 3 = 0. Let s(r) = -13*r. Let t be s(a). Calculate the highest common factor of 26 and t.
13
Let v(x) = -3*x - 3. Let y be v(-4). Suppose 12*n + 126 = 19*n. Calculate the greatest common divisor of n and y.
9
Suppose -5*f + 127 = 4*c - 9, -149 = -5*c - f. Calculate the highest common factor of 319 and c.
29
Let i(x) = 2*x - 8. Let w be 2*(-3)/((-3)/5). Let a be i(w). Suppose 3*f - 1 = -2*l, l + 3*l + 19 = f. Calculate the greatest common divisor of a and f.
3
Suppose 3*x + 3*b = 6*b + 201, -x - 5*b = -43. Suppose -174 = -4*d - 2*y, -3*d = -0*y - 2*y - 120. Calculate the highest common factor of d and x.
21
Suppose 5*w + 38 = d + 3*w, 0 = 3*d + 5*w - 125. What is the highest common divisor of 5 and d?
5
Suppose 5*x = -10, -3*x = 7*y - 2*y - 4. What is the greatest common factor of y and 10?
2
Suppose -4*g - o = -93, -4*g + 4*o + 16 + 92 = 0. Calculate the highest common factor of 24 and g.
24
Suppose -2*y + 16 + 40 = 0. Let h = y - 4. Suppose 240 = -s + 5*s. What is the greatest common divisor of h and s?
12
Let s be 1342/(-12) + (-3)/18. Let m = s + 20. Let d = m + 136. What is the highest common divisor of 11 and d?
11
Let l(r) = 40*r**3 - r**2 + r. Let o be l(2). Suppose 32 + o = 5*v. What is the greatest common divisor of v and 28?
14
Let g = 17 + -22. Let i(v) = -v + 7. Let y be i(g). Calculate the greatest common factor of y and 18.
6
Let l = 0 - -14. What is the greatest common factor of 70 and l?
14
Let d = 6 - -197. What is the greatest common factor of 29 and d?
29
Let c(n) = -2*n + 183*n**3 + 2*n**2 - 2*n + 3*n + 0*n. Let p be c(1). What is the greatest common factor of p and 23?
23
Let v(a) = -a**2 + 11*a - 4. Let h be v(7). What is the greatest common factor of 6 and h?
6
Suppose c + 4*c = -20. Let p = c + 6. Suppose -4*l + 4*n - 2*n + 78 = 0, 5*l - 2*n = 96. What is the highest common divisor of l and p?
2
Let z(s) = s**3 - 3*s**2 - 2*s + 4. Let x be z(3). Let g be 3/(18/(-4))*-3. Let b be 3/g + (-43)/x. Calculate the highest common divisor of b and 92.
23
Suppose 4*w - 1 - 31 = 0. Let b(y) = 9*y**3 + y**2 - 2*y. Suppose 3 - 5 = -l. Let j be b(l). Calculate the highest common factor of j and w.
8
Let b(k) = -2*k**3 - 9*k**2 - 3*k - 1. Let t be b(-6). Suppose -2*g = 3*g - t. Calculate the highest common divisor of g and 25.
25
Let o(m) = 8*m**3 - m**2 + 2*m - 2. Let s be o(1). Calculate the greatest common factor of 35 and s.
7
Let b(r) = r**2 - 7*r + 4. Let j be b(7). What is the highest common factor of j and 1?
1
Suppose -4*b = o + 8, -2 + 6 = -2*b + o. Let g(a) = -a**3 + 3*a + 1. Let p be g(b). Let y be 140/6 - (-6)/9. What is the greatest common factor of y and p?
3
Let h(w) = -w + 4. Let i be h(4). Suppose -m - 4*r - 11 = 0, r = 5*m - i*r - 29. What is the greatest common factor of 55 and m?
5
Let v(i) = 0*i**2 + i**2 + 3 - i - 2*i**2 + 1. Let z be v(-2). Calculate the highest common factor of 2 and z.
2
Let i(m) = 4*m - 23. Let p be i(9). What is the greatest common divisor of p and 39?
13
Suppose -d = 4*z - 41, 3*d - 4*z - 222 + 83 = 0. Suppose -5*q + 48 = 3*p, 3*q - p = p + 25. Calculate the highest common factor of d and q.
9
Let j(c) = c - 2. Let u be j(14). Calculate the highest common factor of 84 and u.
12
Let q(i) be the second derivative of 0 + 5/12*i**4 + 1/2*i**2 - 1/20*i**5 + 0*i**3 - 2*i. Let g be q(5). What is the highest common divisor of g and 2?
1
Let t(f) = f**2 - 12*f - 10. Let d be t(-8). Suppose -5*m + d = -0*m. What is the highest common divisor of 6 and m?
6
Let m = 31 + -30. Let f = 27 + -16. What is the highest common factor of m and f?
1
Suppose -2*j + c = -7*j - 29, 4 = -j - 2*c. Let g = j - -8. Calculate the highest common divisor of 4 and g.
2
Suppose 0*w - 7*w + 70 = 0. What is the greatest common divisor of w and 100?
10
Let u = 17 - -5. What is the greatest common factor of 154 and u?
22
Let d = -68 + 92. What is the greatest common divisor of 12 and d?
12
Let q = 12 - 5. Let d be 1/(-5) - 212/(-10). What is the highest common factor of d and q?
7
Let y = 92 + -64. What is the greatest common divisor of y and 4?
4
Let y = -9 - -45. Let i(m) = m**2 - 6*m + 5. Let z(v) = -v**3 - 5*v**2 + 6*v + 7. Let w be z(-6). Let n be i(w). Calculate the highest common factor of n and y.
12
Let p be -2 - 0/3 - 4. Let o = p - -5. Let i be -2 + (o - -38)/1. What is the greatest common factor of 14 and i?
7
Suppose 2 = -0*n + n. Suppose 0 = m - 2*m - 4*r + 14, n*r = -m + 10. What is the greatest common divisor of m and 6?
6
Let b = 131 + -68. Let m(r) = r - 10. Let z(o) = -o + 15. Let a(p) = 8*m(p) + 5*z(p). Let t be a(4). Calculate the highest common factor of t and b.
7
Let a = 22 - -181. Calculate the highest common divisor of 29 and a.
29
Let h be ((-16)/(-20))/(1/10). Calculate the greatest common factor of 72 and h.
8
Suppose -s = 3*s, 0 = 5*f - 2*s + 25. Let t be (-6918)/(-30) - 2/f. What is the greatest common factor of 21 and t?
21
Suppose 4*l - 4*w = 520, l - 117 = 5*w - 7. Suppose 4*d - d = 0. Let f = 15 + d. Calculate the greatest common divisor of l and f.
15
Let n(m) = -m**2 + 2*m + 3. Let y be n(-11). Let k be 6/((-24)/y) + 1. Calculate the greatest common divisor of 24 and k.
12
Let k(n) = 2*n + 18. Let f be k(-8). Suppose 5*i - 733 = -w, f*w = -i + 4*w + 151. Calculate the greatest common factor of 21 and i.
21
Suppose -3*d + 10 + 2 = 0. What is the highest common factor of 16 and d?
4
Let x = -5 - -2. Let r be (-2 + x + 6)/(-1). Let q be (2 + -56)*r/2. Calculate the highest common factor of q and 3.
3
Let c be 1*(16/(-12))/(-4)*9. Calculate the greatest common factor of 24 and c.
3
Let f be 2/2*1 + 49. Let n be (-22)/77 - 284/(-14). What is the greatest common factor of f and n?
10
Let p be (-2)/5 - 2/(-5). Suppose f + 8*z - 3*z + 3 = p, -5 = -2*f + z. What is the highest common divisor of 6 and f?
2
Let o(s) = -s**2 - 33*s. Let z be o(-14). What is the greatest common factor of 14 and z?
14
Suppose -4*l - 863 = -2215. Suppose -5*x - 3*d + 866 = 0, -2*x - 8*d + 4*d + l = 0. What is the greatest common divisor of x and 25?
25
Let o = 1 - 0. Let h = o + 10. Let q be (-44)/6*((-315)/(-10))/(-7). What is the greatest common divisor of q and h?
11
Suppose 0*j - 170 = -j + 3*b, 5*j = 4*b + 872. Suppose 2*w + 0*w = j. Calculate the greatest common divisor of w and 8.
8
Let u(r) = -r**2 - 8*r - 6. Let b be u(-6). Let g(j) = -3*j - 3*j + j**3 - 4*j**2 - 6 + b*j. Let a be g(6). What is the greatest common factor of a and 6?
6
Let t = 50 + -33. Let s be (3/5)/((-2)/(-10)). Suppose 3*m + s*i - 60 = 0, 5*m = 3*i - i + 79. Calculate the highest common factor of m and t.
17
Let c(x) = -1 - x + 0 - 1. Let i be c(-6). Suppose 12 = i*p - 168. What is the greatest common factor of 5 and p?
5
Let m be (-21)/(-15) - (-2)/(-5). Calculate the greatest common divisor of m and 8.
1
Suppose 0 = 4*r + 3*a - 30, -3*r + 21 = 4*a - a. Let s(x) = 19*x - 1. Suppose 0 = -3*j + 3. Let p be s(j). Calculate the greatest common factor of r and p.
9
Suppose j - 70 = -6*j. Let n(z) = 7*z**2 - z + 2. Let t be n(4). What is the highest common divisor of j and t?
10
Let o(d) = -5*d + 29. Let w be o(4). Calculate the greatest common factor of w and 18.
9
Let y be (2 + 4/(-2))/1. Let s be 11/(-1)*(-1 - y). Let z be 21/(-12) + (-718)/(-8). What is the greatest common factor of s and z?
11
Let y be (-5)/(5/17)*-7. Calculate the highest common factor of y and 17.
17
Suppose 5*g - 2*g = 5*z + 62, 2*g + 4*z - 12 =